{"id":47,"date":"2011-05-12T12:55:39","date_gmt":"2011-05-12T11:55:39","guid":{"rendered":"http:\/\/vu2002.fred.kahutt.com\/?page_id=47"},"modified":"2017-09-16T08:01:35","modified_gmt":"2017-09-16T06:01:35","slug":"asbl","status":"publish","type":"page","link":"https:\/\/www.loligrub.be\/blog\/asbl\/","title":{"rendered":"ASBL"},"content":{"rendered":"<ul>\n<li>Que sommes nous ?<\/li>\n<li>Nos objectifs<\/li>\n<li>Qu&rsquo;est-ce qu&rsquo;un logiciel libre ?<\/li>\n<li>Qu&rsquo;est-ce que GNU\/Linux ?<\/li>\n<li>Nos activit\u00e9s<\/li>\n<\/ul>\n<h2>Que sommes nous ?<\/h2>\n<p>LoLiGrUB est un groupe d&rsquo;utilisateurs de Linux et de logiciels libres de la r\u00e9gion de Mons-Borinage. Son nom est un acronyme pour \u00ab\u00a0Logiciel Libre, Groupe d&rsquo;Utilisateurs Borains\u00a0\u00bb. C&rsquo;est aussi un jeu de mots sur les noms des syst\u00e8mes d&rsquo;amor\u00e7age GNU\/Linux <a href=\"http:\/\/fr.wikipedia.org\/wiki\/Linux_loader\" target=\"_blank\">Lilo<\/a> et <a href=\"http:\/\/fr.wikipedia.org\/wiki\/GRand_Unified_Bootloader\" target=\"_blank\">Grub<\/a>.<br \/>\nL&rsquo;association est une A.S.B.L. de droit belge, portant le num\u00e9ro 883.263.093, les premiers statuts ont \u00e9t\u00e9 publi\u00e9s au moniteur belge le 11 septembre 2006 (Acte n\u00b0140962) et l&rsquo;adresse officielle est rue du Cimeti\u00e8re 25 \u00e0 7370 Dour.<br \/>\nL&rsquo;adresse email de contact est info _at_ loligrub _point_ be<br \/>\nLa r\u00e9f\u00e9rence de notre compte bancaire : CPH 126-2042710-57 (IBAN BE09 1262 0427 1057, BIC CPHBBE75)<\/p>\n<h2>Nos objectifs<\/h2>\n<p>Comme indiqu\u00e9 dans <a href=\"http:\/\/www.loligrub.be\/wiki\/_media\/asblpub:statutsv3.pdf\" target=\"_blank\">nos statuts<\/a> :<\/p>\n<ul>\n<li>l&rsquo;association a pour but d&rsquo;oeuvrer en Belgique pour l&rsquo;enseignement et la diffusion des syst\u00e8mes GNU\/Linux, FreeBSD, NetBSD, OpenBSD, leurs d\u00e9riv\u00e9s et des logiciels libres dans le cadre de l&rsquo;esprit de partage et d&rsquo;ouverture qui les caract\u00e9rise.<\/li>\n<li>La poursuite de ce but se r\u00e9alisera notamment par l&rsquo;organisation de manifestations destin\u00e9es \u00e0 la promotion du syst\u00e8me GNU\/Linux, FreeBSD, NetBSD, OpenBSD, leurs d\u00e9riv\u00e9s et des logiciels libres.<\/li>\n<li>L&rsquo;association peut accomplir tous les actes se rapportant indirectement ou directement \u00e0 son but. Elle peut notamment pr\u00eater son concours et s&rsquo;int\u00e9resser \u00e0 toute activit\u00e9 similaire \u00e0 son but.<\/li>\n<\/ul>\n<h2>Qu&rsquo;est-ce qu&rsquo;un logiciel libre?<\/h2>\n<p>Pour qu&rsquo;il soit libre un logiciel doit r\u00e9pondre \u00e0 4 libert\u00e9s fondamentales d\u00e9crites par la licence GNU\/GPL de la Free Software Foundation:<\/p>\n<ol start=\"1\" type=\"1\">\n<li>la libert\u00e9 d&#8217;employer le programme pour tout usage ;\n<ul>\n<li>Cela signifie que vous pouvez utilisez un logiciel libre, quoique vous en fassiez.<\/li>\n<\/ul>\n<\/li>\n<li>la libert\u00e9 d&rsquo;\u00e9tudier le fonctionnement du logiciel ;\n<ul>\n<li>Cela signifie que vous avez acc\u00e8s aux proc\u00e9d\u00e9s de fabrication du logiciel. En clair, vous disposez du code source tel qu&rsquo;\u00e9crit par les concepteurs\/developpeurs du programme. Cet aspect s&rsquo;adresse \u00e0 des programmeurs.<\/li>\n<\/ul>\n<\/li>\n<li>la libert\u00e9 de redistribuer des copies.\n<ul>\n<li>Cela signifie que vous pouvez faire autant de copies d&rsquo;un logiciel libre que vous le souhaitez. Vous pouvez distribuer ces copies \u00e0 qui vous voulez (ce qui n&rsquo;exclut pas la vente pour le support de gravure, par exemple, ou les services), mais vous devez distribuer les programmes sources (c&rsquo;est un devoir). Les personnes \u00e0 qui vous avez donn\u00e9 (ou vendu) un logiciel libre h\u00e9ritent des m\u00eames libert\u00e9s et devoirs que vous. Vous devez les en informer.<\/li>\n<\/ul>\n<\/li>\n<li>la libert\u00e9 d&rsquo;am\u00e9liorer le programme et de publier vos modifications.\n<ul>\n<li>Vous pouvez modifier le logiciel. Cela va de la traduction \u00e0 des modifications majeures. Vous pouvez rejoindre l&rsquo;\u00e9quipe de d\u00e9veloppement. Vous pouvez cr\u00e9er un nouveau logiciel \u00e0 partir d&rsquo;un logiciel libre existant.<\/li>\n<\/ul>\n<\/li>\n<\/ol>\n<p>Par opposition: voici ce qu&rsquo;est un logiciel propri\u00e9taire&#8230;<br \/>\nLes logiciels propri\u00e9taires violent un ou plusieurs des libert\u00e9s \u00e9nonc\u00e9es ci-dessus.<\/p>\n<ul>\n<li>Un \u00ab\u00a0freeware\u00a0\u00bb ou gratuiciel (logiciel gratuit mais pas libre) viole les libert\u00e9s 2 et 4.<\/li>\n<li>Un \u00ab\u00a0shareware\u00a0\u00bb ou partagiciel (version limit\u00e9e d&rsquo;un logiciel propri\u00e9taire) viole les libert\u00e9s 1, 2 et 4.<\/li>\n<li>Un logiciel commercial viole au minimum les libert\u00e9s 2, 3 et 4.<\/li>\n<\/ul>\n<h2>Qu&rsquo;est-ce que GNU\/Linux ?<\/h2>\n<p><a href=\"http:\/\/fr.wikipedia.org\/wiki\/Linux\" target=\"_blank\">Linux<\/a> ou GNU\/Linux est un syst\u00e8me d&rsquo;exploitation libre, multit\u00e2che, multi-plateforme et multi\u2013utilisateur de type UNIX. Il tire son nom du noyau (initi\u00e9 par <a href=\"http:\/\/fr.wikipedia.org\/wiki\/Linus_Torvalds\" target=\"_blank\">Linus TORVALDS<\/a> en 1991) qui est un composant central et de bas niveau fournissant aux logiciels une interface de communication avec le mat\u00e9riel.<\/p>\n<p>Le syst\u00e8me d&rsquo;exploitation dans son ensemble r\u00e9sulte de la combinaison de nombreux projets d\u00e9velopp\u00e9s collaborativement via Internet: le projet GNU, le noyau LINUX, le syst\u00e8me de fen\u00eatrage X-WINDOW, et certains logiciels produits par les \u00e9quipes de FreeBSD, OpenBSD et NetBSD&#8230; Y collaborent aussi bien des individus passionn\u00e9s et des organisations telles la <a href=\"http:\/\/fr.wikipedia.org\/wiki\/Free_Software_Foundation\" target=\"_blank\">Free Software Foundation<\/a> de <a href=\"http:\/\/fr.wikipedia.org\/wiki\/Richard_Stallman\" target=\"_blank\">Richard Stallman<\/a> que des petites et grandes entreprises commerciales (IBM, Oracle, Google, &#8230;)<\/p>\n<p>Pour l&rsquo;utilisateur, Linux se pr\u00e9sente sous la forme d&rsquo;une distribution, c&rsquo;est-\u00e0-dire une solution pr\u00eate \u00e0 l&#8217;emploi comprenant une s\u00e9lection coh\u00e9rente de logiciels, des programmes d&rsquo;installation et d&rsquo;administration de l&rsquo;ordinateur, ainsi qu&rsquo;un m\u00e9canisme facilitant l&rsquo;installation et la mise \u00e0 jour.<\/p>\n<p>Linux est utilis\u00e9 sur de nombreuses plate-formes, du plus puissant superordinateur aux syst\u00e8mes embarqu\u00e9s (t\u00e9l\u00e9phone portable, assistant personnel, modem ADSL, lecteur vid\u00e9o DivX, etc.) en passant par les ordinateurs personnels, PC et Mac, sur lesquels il peut \u00eatre install\u00e9 seul ou en association avec MS-Windows ou MacOS. Linux s&rsquo;est d&rsquo;abord impos\u00e9 dans le domaine des serveurs informatiques gr\u00e2ce \u00e0 des logiciels tels que le serveur Web Apache ou le serveur de fichiers Samba qui permet de partager des fichiers avec un r\u00e9seau d&rsquo;ordinateurs sous MS-Windows. Depuis peu, il a atteint la maturit\u00e9 sur le poste de travail gr\u00e2ce aux interfaces conviviales GNOME et KDE ainsi qu&rsquo;aux succ\u00e8s de logiciels comme la suite bureautique LibreOffice ou le navigateur internet Firefox.<\/p>\n<p><a href=\"http:\/\/www.loligrub.be\/blog\/wp-content\/uploads\/2011\/05\/Tux.svg_.png\"><img loading=\"lazy\" decoding=\"async\" class=\"alignright size-full wp-image-2678\" src=\"http:\/\/www.loligrub.be\/blog\/wp-content\/uploads\/2011\/05\/Tux.svg_.png\" alt=\"Tux\" width=\"200\" height=\"232\" \/><\/a>La mascotte de Linux est un manchot qui a pour nom TUX . Pour plus d&rsquo;informations, vous pouvez consulter la page Linux de l&rsquo;encyclop\u00e9die libre <a title=\"http:\/\/fr.wikipedia.org\" href=\"http:\/\/fr.wikipedia.org\">http:\/\/fr.wikipedia.org<\/a><\/p>\n<h2>Nos activit\u00e9s<\/h2>\n<p>LoLiGrUB organise des ateliers mensuels pour ses membres, chaque 3\u00e8me samedi du mois, \u00e0 Boussu (consultez <a href=\"http:\/\/www.loligrub.be\/blog\/nous-rejoindre\/#plan\" target=\"_blank\">ce plan<\/a>), et participe \u00e0 des activit\u00e9s de promotion des logiciels libres dans la r\u00e9gion. Elle dispose d&rsquo;un site web efficace comportant un blog, un forum et un wiki. Le site, dont l&rsquo;URL est <a href=\"http:\/\/www.loligrub.be\" target=\"_blank\">www.loligrub.be<\/a>, est assez fr\u00e9quent\u00e9 et bien r\u00e9f\u00e9renc\u00e9 sur le web.<\/p>\n<p>Depuis septembre 2011, LoLiGrUB organise les Jeudis du Libre \u00e0 Mons, des rencontres autour de th\u00e9matiques des Logiciels Libres, en partenariat avec des Hautes \u00c9coles et Facult\u00e9s Universitaires du P\u00f4le Hainuyer d\u2019enseignement sup\u00e9rieur impliqu\u00e9es dans les formations d\u2019informaticiens (UMONS, HEH et Condorcet). Les s\u00e9ances de Mons se d\u00e9roulent chaque troisi\u00e8me jeudi du mois. C&rsquo;est l&rsquo;ASBL LoLiGrUB qui g\u00e8re le site web <a href=\"http:\/\/www.jeudisdulibre.be\" target=\"_blank\">www.jeudisdulibre.be<\/a>.<\/p>\n","protected":false},"excerpt":{"rendered":"<p>Que sommes nous ? Nos objectifs Qu&rsquo;est-ce qu&rsquo;un logiciel libre ? Qu&rsquo;est-ce que GNU\/Linux ? Nos activit\u00e9s Que sommes nous ? LoLiGrUB est un groupe d&rsquo;utilisateurs de Linux et de logiciels libres de la r\u00e9gion de Mons-Borinage. Son nom est &hellip; <a href=\"https:\/\/www.loligrub.be\/blog\/asbl\/\">Continuer la lecture <span class=\"meta-nav\">&rarr;<\/span><\/a><\/p>\n","protected":false},"author":1,"featured_media":0,"parent":0,"menu_order":0,"comment_status":"closed","ping_status":"open","template":"","meta":{"footnotes":""},"class_list":["post-47","page","type-page","status-publish","hentry"],"_links":{"self":[{"href":"https:\/\/www.loligrub.be\/blog\/wp-json\/wp\/v2\/pages\/47","targetHints":{"allow":["GET"]}}],"collection":[{"href":"https:\/\/www.loligrub.be\/blog\/wp-json\/wp\/v2\/pages"}],"about":[{"href":"https:\/\/www.loligrub.be\/blog\/wp-json\/wp\/v2\/types\/page"}],"author":[{"embeddable":true,"href":"https:\/\/www.loligrub.be\/blog\/wp-json\/wp\/v2\/users\/1"}],"replies":[{"embeddable":true,"href":"https:\/\/www.loligrub.be\/blog\/wp-json\/wp\/v2\/comments?post=47"}],"version-history":[{"count":9,"href":"https:\/\/www.loligrub.be\/blog\/wp-json\/wp\/v2\/pages\/47\/revisions"}],"predecessor-version":[{"id":2677,"href":"https:\/\/www.loligrub.be\/blog\/wp-json\/wp\/v2\/pages\/47\/revisions\/2677"}],"wp:attachment":[{"href":"https:\/\/www.loligrub.be\/blog\/wp-json\/wp\/v2\/media?parent=47"}],"curies":[{"name":"wp","href":"https:\/\/api.w.org\/{rel}","templated":true}]}}