{"id":55,"date":"2011-05-14T20:05:50","date_gmt":"2011-05-14T18:05:50","guid":{"rendered":"http:\/\/www.loligrub.be\/blog\/?page_id=55"},"modified":"2023-09-11T21:08:03","modified_gmt":"2023-09-11T19:08:03","slug":"inscription","status":"publish","type":"page","link":"https:\/\/www.loligrub.be\/blog\/inscription\/","title":{"rendered":"Inscription"},"content":{"rendered":"<p>Pour\u00a0 obtenir votre identifiant pour le blog (qui servira aussi au forum et au wiki), Merci de nous contacter par email info@loligrub.be &#8211; Une nouvelle proc\u00e9dure d&rsquo;enregistrement en ligne est encours de cr\u00e9ation.<\/p>\n<p>Vous pourrez alors vous authentifier sur le blog, le forum et le wiki, ce qui vous permettra de commenter les news, poster des messages et contribuer au wiki. Deux premi\u00e8res authentifications, respectivement sur le blog et sur le forum sont n\u00e9cessaires pour pouvoir r\u00e9gler plus finement vos acc\u00e8s si vous \u00eates membre de l&rsquo;A.S.B.L.<\/p>\n<p><em>N.B.<\/em><\/p>\n<ul>\n<li>L&rsquo;<a href=\"https:\/\/www.loligrub.be\/wiki\/_media\/asblpub:ri.pdf\" target=\"_blank\" rel=\"noopener\" data-wplink-edit=\"true\">article 6 de notre r\u00e8glement int\u00e9rieur<\/a> pr\u00e9voit que l&rsquo;association s&rsquo;engage \u00e0 respecter la l\u00e9gislation en vigueur concernant le stockage de donn\u00e9es. Par ailleurs, LoLiGrUB reste attentive aux questions relatives \u00e0 la protection des libert\u00e9s individuelles.<\/li>\n<\/ul>\n<p><a href=\"http:\/\/www.loligrub.be\/blog\/asbl\/\">Cliquez ici<\/a> si vous voulez savoir ce qu&rsquo;est notre association, ses objectifs, nos activit\u00e9s, ce qui d\u00e9finit les logiciels libres et ce qu&rsquo;est Linux !<\/p>\n<p>Et si vous souhaitez devenir membre adh\u00e9rent ou effectif de notre A.S.B.L., rendez vous \u00e0 la page \u00ab\u00a0<a href=\"http:\/\/www.loligrub.be\/blog\/nous-rejoindre\/\" target=\"_blank\" rel=\"noopener\">Nous Rejoindre<\/a>\u00a0\u00bb !<\/p>\n","protected":false},"excerpt":{"rendered":"<p>Pour\u00a0 obtenir votre identifiant pour le blog (qui servira aussi au forum et au wiki), Merci de nous contacter par email info@loligrub.be &#8211; Une nouvelle proc\u00e9dure d&rsquo;enregistrement en ligne est encours de cr\u00e9ation. Vous pourrez alors vous authentifier sur le &hellip; <a href=\"https:\/\/www.loligrub.be\/blog\/inscription\/\">Continuer la lecture <span class=\"meta-nav\">&rarr;<\/span><\/a><\/p>\n","protected":false},"author":1,"featured_media":0,"parent":0,"menu_order":0,"comment_status":"open","ping_status":"closed","template":"","meta":{"footnotes":""},"class_list":["post-55","page","type-page","status-publish","hentry"],"_links":{"self":[{"href":"https:\/\/www.loligrub.be\/blog\/wp-json\/wp\/v2\/pages\/55","targetHints":{"allow":["GET"]}}],"collection":[{"href":"https:\/\/www.loligrub.be\/blog\/wp-json\/wp\/v2\/pages"}],"about":[{"href":"https:\/\/www.loligrub.be\/blog\/wp-json\/wp\/v2\/types\/page"}],"author":[{"embeddable":true,"href":"https:\/\/www.loligrub.be\/blog\/wp-json\/wp\/v2\/users\/1"}],"replies":[{"embeddable":true,"href":"https:\/\/www.loligrub.be\/blog\/wp-json\/wp\/v2\/comments?post=55"}],"version-history":[{"count":14,"href":"https:\/\/www.loligrub.be\/blog\/wp-json\/wp\/v2\/pages\/55\/revisions"}],"predecessor-version":[{"id":3916,"href":"https:\/\/www.loligrub.be\/blog\/wp-json\/wp\/v2\/pages\/55\/revisions\/3916"}],"wp:attachment":[{"href":"https:\/\/www.loligrub.be\/blog\/wp-json\/wp\/v2\/media?parent=55"}],"curies":[{"name":"wp","href":"https:\/\/api.w.org\/{rel}","templated":true}]}}